{"id":15726,"date":"2024-05-04T15:23:03","date_gmt":"2024-05-04T12:23:03","guid":{"rendered":"https:\/\/cmcpal.com\/site\/?post_type=product&#038;p=15726"},"modified":"2024-05-04T15:23:55","modified_gmt":"2024-05-04T12:23:55","slug":"hsv-12-igm-elisa-ref-eia-3490","status":"publish","type":"product","link":"https:\/\/cmcpal.com\/site\/product\/hsv-12-igm-elisa-ref-eia-3490\/","title":{"rendered":"HSV-1+2 IgM ELISA \/ REF: EIA-3490"},"content":{"rendered":"<div><a href=\"https:\/\/cmcpal.com\/site\/wp-content\/uploads\/2024\/05\/EIA-3490.pdf\"><img decoding=\"async\" class=\"alignnone wp-image-14297\" src=\"https:\/\/cmcpal.com\/site\/wp-content\/uploads\/2024\/04\/file-pdf-300x300.png\" alt=\"\" width=\"64\" height=\"64\" srcset=\"https:\/\/cmcpal.com\/site\/wp-content\/uploads\/2024\/04\/file-pdf-300x300.png 300w, https:\/\/cmcpal.com\/site\/wp-content\/uploads\/2024\/04\/file-pdf-200x200.png 200w, https:\/\/cmcpal.com\/site\/wp-content\/uploads\/2024\/04\/file-pdf-150x150.png 150w, https:\/\/cmcpal.com\/site\/wp-content\/uploads\/2024\/04\/file-pdf.png 512w\" sizes=\"(max-width: 64px) 100vw, 64px\" \/><\/a><\/div>\n<div>\n<div class=\"row\">\n<div class=\"col-xl-10 mx-auto\">\n<div id=\"myTabContent\" class=\"tab-content\">\n<div id=\"description\" class=\"tab-pane fade show active\" role=\"tabpanel\" aria-labelledby=\"description-tab\">\n<div class=\"p-3 p-md-5\">\n<h2><strong>HSV-1+2 IgM<\/strong><\/h2>\n<div>\nAn enzyme immunoassay for the qualitative and semiquantitative determination of IgM-class antibodies to herpes simplex virus type 1 + 2 in human serum and plasma.<\/div>\n<div>Herpes simplex is an enveloped DNA virus (150-200 nm in diameter) belonging to the alphaherpesviridae. Based on antigenic, biochemical and biological differences it can be divided into two serotypes, HSV-1 and HSV-2. Man is the only known natural host and source of the virus. HSV-type 1 typically causes oral herpes, while HSV-type 2 typically affects the genital area. Most of the time, HSV-1 and HSV-2 are inactive, or \u00d2silent\u00d3, and cause no symptoms, but some infected people have \u00d2outbreaks\u00d3 of blisters and ulcers. Once infected with HSV, people remain infected for life. Herpes simplex viruses are among the most common infectious agents of man, and either HSV type appears to be capable of infecting similar body sites. A high percentage of the adult population is seropositive (approx. 90% HSV-1 is dependent on socio-economic status, 10-30% HSV-2). Primary HSV-1 infection usually occurs in early childhood (6 to 18 months of age). HSV-2 usually produces mild symptoms, and most people have no recognized symptoms.<\/div>\n<div>The DRG Herpes Simplex Virus Type 1 + 2 IgM ELISA Kit is a solid phase enzyme-linked immunosorbent assay (ELISA) Patient samples are diluted with Sample Diluent and additionally incubated with IgG-RF-Sorbent, containing hyper-immune anti-human IgG-class antibody to eliminate competitive inhibition from specific IgG and to remove rheumatoid factors. This pretreatment avoids false negative or false positive results.<\/div>\n<\/div>\n<\/div>\n<\/div>\n<\/div>\n<\/div>\n<\/div>\n","protected":false},"excerpt":{"rendered":"<p>HSV-1+2 IgM An enzyme immunoassay for the qualitative and semiquantitative determination of IgM-class antibodies to herpes simplex virus type 1 + 2 in human serum and plasma. Herpes simplex is an enveloped DNA virus (150-200 nm in diameter) belonging to the alphaherpesviridae. Based on antigenic, biochemical and biological differences it can be divided into two&hellip;<\/p>\n","protected":false},"featured_media":15727,"comment_status":"open","ping_status":"closed","template":"","meta":[],"pwb-brand":[167],"product_brand":[],"product_cat":[135,146,111,118],"product_tag":[],"class_list":{"0":"post-15726","1":"product","2":"type-product","3":"status-publish","4":"has-post-thumbnail","6":"pwb-brand-drg","7":"product_cat-drg","8":"product_cat-elisa-drg","9":"product_cat-laboratory","10":"product_cat-reagents","11":"description-off","13":"first","14":"instock","15":"shipping-taxable","16":"product-type-simple"},"brands":[{"id":167,"name":"DRG","slug":"drg"}],"_links":{"self":[{"href":"https:\/\/cmcpal.com\/site\/wp-json\/wp\/v2\/product\/15726","targetHints":{"allow":["GET"]}}],"collection":[{"href":"https:\/\/cmcpal.com\/site\/wp-json\/wp\/v2\/product"}],"about":[{"href":"https:\/\/cmcpal.com\/site\/wp-json\/wp\/v2\/types\/product"}],"replies":[{"embeddable":true,"href":"https:\/\/cmcpal.com\/site\/wp-json\/wp\/v2\/comments?post=15726"}],"wp:featuredmedia":[{"embeddable":true,"href":"https:\/\/cmcpal.com\/site\/wp-json\/wp\/v2\/media\/15727"}],"wp:attachment":[{"href":"https:\/\/cmcpal.com\/site\/wp-json\/wp\/v2\/media?parent=15726"}],"wp:term":[{"taxonomy":"pwb-brand","embeddable":true,"href":"https:\/\/cmcpal.com\/site\/wp-json\/wp\/v2\/pwb-brand?post=15726"},{"taxonomy":"product_brand","embeddable":true,"href":"https:\/\/cmcpal.com\/site\/wp-json\/wp\/v2\/product_brand?post=15726"},{"taxonomy":"product_cat","embeddable":true,"href":"https:\/\/cmcpal.com\/site\/wp-json\/wp\/v2\/product_cat?post=15726"},{"taxonomy":"product_tag","embeddable":true,"href":"https:\/\/cmcpal.com\/site\/wp-json\/wp\/v2\/product_tag?post=15726"}],"curies":[{"name":"wp","href":"https:\/\/api.w.org\/{rel}","templated":true}]}}